{"id":1554,"date":"2019-06-03T11:33:06","date_gmt":"2019-06-03T11:33:06","guid":{"rendered":"http:\/\/spc.udec.cl\/?page_id=2"},"modified":"2023-09-26T16:01:00","modified_gmt":"2023-09-26T16:01:00","slug":"el-seminario","status":"publish","type":"page","link":"https:\/\/vinculacionbib.udec.cl\/index.php\/el-seminario\/","title":{"rendered":"SEMINARIO \u201cProduciendo Ciencia desde el Sur del Mundo. Ciencia Abierta: Herramientas y Desaf\u00edos&#8221;"},"content":{"rendered":"\n<div class=\"wp-block-group\"><div class=\"wp-block-group__inner-container is-layout-flow wp-block-group-is-layout-flow\">\n<div class=\"wp-block-columns is-layout-flex wp-container-core-columns-is-layout-1 wp-block-columns-is-layout-flex\">\n<div class=\"wp-block-column is-layout-flow wp-block-column-is-layout-flow\" style=\"flex-basis:100%\">\n<div class=\"wp-block-group\"><div class=\"wp-block-group__inner-container is-layout-flow wp-block-group-is-layout-flow\">\n<div style=\"text-align: justify;\">\n<p><\/p>\nLa Universidad de Concepci\u00f3n, Universidad de Los Lagos y la Universidad Cat\u00f3lica de la Sant\u00edsima Concepci\u00f3n se unen para promover la reflexi\u00f3n acerca de c\u00f3mo la Ciencia Abierta impacta en las instituciones de educaci\u00f3n superior, junto a las herramientas necesarias para su implementaci\u00f3n en universidades.\n<p><\/p>\nEl prop\u00f3sito de esta actividad se enfoca en la creaci\u00f3n de un espacio de dialogo e intercambio acerca de las mejores pr\u00e1cticas, desaf\u00edos e investigaciones relacionados a la Ciencia Abierta, tanto a nivel regional como en el contexto cultural del sur de Chile.\n<p><\/p>\nEste evento es resultado de la colaboraci\u00f3n entre las universidades y forma parte del Programa Innovaci\u00f3n de Educaci\u00f3n Superior (InES) Ciencia Abierta, con el apoyo financiero de la Agencia Nacional de Investigaci\u00f3n y Desarrollo (ANID, Chile).\n<p><\/p>\n<\/div>\n\n\n\n<div style=\"height:100px\" aria-hidden=\"true\" class=\"wp-block-spacer\"><\/div>\n\n\n\n<div style=\"height:35px\" aria-hidden=\"true\" class=\"wp-block-spacer\"><\/div>\n<\/div><\/div>\n<\/div>\n<\/div>\n<\/div><\/div>\n\n\n","protected":false},"excerpt":{"rendered":"<p>La Universidad de Concepci\u00f3n, Universidad de Los Lagos y la Universidad Cat\u00f3lica de la Sant\u00edsima Concepci\u00f3n se unen para promover la reflexi\u00f3n acerca de c\u00f3mo la Ciencia Abierta impacta en las instituciones de educaci\u00f3n superior, junto a las herramientas necesarias para su implementaci\u00f3n en universidades. El prop\u00f3sito de esta actividad se enfoca en la creaci\u00f3n &hellip; <\/p>\n","protected":false},"author":1,"featured_media":0,"parent":0,"menu_order":0,"comment_status":"closed","ping_status":"closed","template":"","meta":{"footnotes":""},"_links":{"self":[{"href":"https:\/\/vinculacionbib.udec.cl\/index.php\/wp-json\/wp\/v2\/pages\/1554"}],"collection":[{"href":"https:\/\/vinculacionbib.udec.cl\/index.php\/wp-json\/wp\/v2\/pages"}],"about":[{"href":"https:\/\/vinculacionbib.udec.cl\/index.php\/wp-json\/wp\/v2\/types\/page"}],"author":[{"embeddable":true,"href":"https:\/\/vinculacionbib.udec.cl\/index.php\/wp-json\/wp\/v2\/users\/1"}],"replies":[{"embeddable":true,"href":"https:\/\/vinculacionbib.udec.cl\/index.php\/wp-json\/wp\/v2\/comments?post=1554"}],"version-history":[{"count":34,"href":"https:\/\/vinculacionbib.udec.cl\/index.php\/wp-json\/wp\/v2\/pages\/1554\/revisions"}],"predecessor-version":[{"id":2522,"href":"https:\/\/vinculacionbib.udec.cl\/index.php\/wp-json\/wp\/v2\/pages\/1554\/revisions\/2522"}],"wp:attachment":[{"href":"https:\/\/vinculacionbib.udec.cl\/index.php\/wp-json\/wp\/v2\/media?parent=1554"}],"curies":[{"name":"wp","href":"https:\/\/api.w.org\/{rel}","templated":true}]}}