{"id":34,"date":"2019-06-04T15:06:01","date_gmt":"2019-06-04T15:06:01","guid":{"rendered":"http:\/\/spc.udec.cl\/?page_id=34"},"modified":"2023-11-20T13:38:27","modified_gmt":"2023-11-20T13:38:27","slug":"programas","status":"publish","type":"page","link":"https:\/\/vinculacionbib.udec.cl\/index.php\/programas\/","title":{"rendered":"PROGRAMA"},"content":{"rendered":"\n<h2 class=\"wp-block-heading has-text-align-center\">16 de noviembre <\/h2>\n\n\n\n<h3 class=\"wp-block-heading has-text-align-left\"><em>  <\/em> Lugar: <a href=\"https:\/\/www.google.cl\/maps\/dir\/\/Biblioteca+Central+UdeC+%22Luis+David+Cruz+Ocampo%22+Biblioteca+Central+UdeC+%22Luis+David+Cruz+Ocampo%22,+Barrio+Universitario,+Concepci%C3%B3n,+B%C3%ADo+B%C3%ADo\/@-36.8267358,-73.0440846,14z\/data=!4m8!4m7!1m0!1m5!1m1!1s0x9669b42a04e8719d:0x8f03e7511d2e022c!2m2!1d-73.0350275!2d-36.8323224\">Biblioteca Central Luis David Cruz Ocampo, Universidad de Concepci\u00f3n<\/a><\/h3>\n\n\n\n<figure class=\"wp-block-table aligncenter is-style-stripes\"><table class=\"has-fixed-layout\"><thead><tr><th class=\"has-text-align-left\" data-align=\"left\">HORA <\/th><th class=\"has-text-align-left\" data-align=\"left\">T\u00cdTULO DE PRESENTACI\u00d3N <\/th><th class=\"has-text-align-left\" data-align=\"left\">PRESENTADOR\/A<\/th><\/tr><\/thead><tbody><tr><td class=\"has-text-align-left\" data-align=\"left\">08.30 &#8211; 09.00<\/td><td class=\"has-text-align-left\" data-align=\"left\"><strong><em>Acreditaci\u00f3n<\/em><\/strong><\/td><td class=\"has-text-align-left\" data-align=\"left\"><\/td><\/tr><tr><td class=\"has-text-align-left\" data-align=\"left\"><\/td><td class=\"has-text-align-left\" data-align=\"left\"><\/td><td class=\"has-text-align-left\" data-align=\"left\"><\/td><\/tr><tr><td class=\"has-text-align-left\" data-align=\"left\">09.00 \u2013 09.30<\/td><td class=\"has-text-align-left\" data-align=\"left\"><strong><em>Saludo inaugural<\/em><\/strong> <\/td><td class=\"has-text-align-left\" data-align=\"left\">Autoridades Universitarias <br><\/td><\/tr><tr><td class=\"has-text-align-left\" data-align=\"left\"><\/td><td class=\"has-text-align-left\" data-align=\"left\"><\/td><td class=\"has-text-align-left\" data-align=\"left\"><\/td><\/tr><tr><td class=\"has-text-align-left\" data-align=\"left\">09.30 &#8211; 10.20<\/td><td class=\"has-text-align-left\" data-align=\"left\"><strong><em>Charla magistral:<\/em><\/strong> Ciencia Abierta: reflexiones desde la academia y su compromiso \u00e9tico e intelectual. <\/td><td class=\"has-text-align-left\" data-align=\"left\">Dr. Francisco Ceric Garrido, Universidad del Desarrollo<\/td><\/tr><tr><td class=\"has-text-align-left\" data-align=\"left\"><\/td><td class=\"has-text-align-left\" data-align=\"left\"><\/td><td class=\"has-text-align-left\" data-align=\"left\"><\/td><\/tr><tr><td class=\"has-text-align-left\" data-align=\"left\">10.20 \u2013 11.20<br><\/td><td class=\"has-text-align-left\" data-align=\"left\"><strong><em>Foro<\/em><\/strong> <em><strong>Panel:<\/strong> <\/em>Aplicaci\u00f3n de la propiedad intelectual y la integridad en la ciencia abierta. <strong><em>Modera: <\/em><\/strong>Dra. Adriana Ribeiro Alves.<\/td><td class=\"has-text-align-left\" data-align=\"left\">Mg. Christian Schmitz Vaccaro, UCSC &#8211; Karin Gonz\u00e1lez Gonz\u00e1lez, ULagos<\/td><\/tr><tr><td class=\"has-text-align-left\" data-align=\"left\"><\/td><td class=\"has-text-align-left\" data-align=\"left\"><\/td><td class=\"has-text-align-left\" data-align=\"left\"><\/td><\/tr><tr><td class=\"has-text-align-left\" data-align=\"left\">11.20 &#8211; 11.50<\/td><td class=\"has-text-align-left\" data-align=\"left\"><strong><em>Caf\u00e9 <\/em><\/strong><\/td><td class=\"has-text-align-left\" data-align=\"left\"> <\/td><\/tr><tr><td class=\"has-text-align-left\" data-align=\"left\"><\/td><td class=\"has-text-align-left\" data-align=\"left\"><\/td><td class=\"has-text-align-left\" data-align=\"left\"><\/td><\/tr><tr><td class=\"has-text-align-left\" data-align=\"left\">11.50 \u2013 12.15<\/td><td class=\"has-text-align-left\" data-align=\"left\"><strong><em>Charla<\/em><\/strong>: BiblioGraph: Su cat\u00e1logo m\u00e1s visible y portable.<\/td><td class=\"has-text-align-left\" data-align=\"left\">Alexander Soto Cortez<\/td><\/tr><tr><td class=\"has-text-align-left\" data-align=\"left\"><\/td><td class=\"has-text-align-left\" data-align=\"left\"><\/td><td class=\"has-text-align-left\" data-align=\"left\"><\/td><\/tr><tr><td class=\"has-text-align-left\" data-align=\"left\">12.15 &#8211; 12.45<\/td><td class=\"has-text-align-left\" data-align=\"left\">&nbsp;<strong><em>Cierre Proyecto InES UdeC<\/em><\/strong>: Ciencia Abierta en la Universidad de Concepci\u00f3n: Creando Cultura y Democratizando la Ciencia.<\/td><td class=\"has-text-align-left\" data-align=\"left\">Mg. Karen Jara Maricic, Universidad de Concepci\u00f3n<\/td><\/tr><tr><td class=\"has-text-align-left\" data-align=\"left\"><\/td><td class=\"has-text-align-left\" data-align=\"left\"><\/td><td class=\"has-text-align-left\" data-align=\"left\"><\/td><\/tr><tr><td class=\"has-text-align-left\" data-align=\"left\">12.45 &#8211; 14.30<\/td><td class=\"has-text-align-left\" data-align=\"left\"><strong><em>Almuerzo<\/em><\/strong><\/td><td class=\"has-text-align-left\" data-align=\"left\"><\/td><\/tr><tr><td class=\"has-text-align-left\" data-align=\"left\"><\/td><td class=\"has-text-align-left\" data-align=\"left\"><\/td><td class=\"has-text-align-left\" data-align=\"left\"><\/td><\/tr><tr><td class=\"has-text-align-left\" data-align=\"left\">14.30 &#8211; 15.20<\/td><td class=\"has-text-align-left\" data-align=\"left\"><strong><em>Charla magistral:<\/em><\/strong> La Ciencia Abierta en Latinoam\u00e9rica: situaci\u00f3n, retos y tendencias en el enfoque bibliotecol\u00f3gico.<\/td><td class=\"has-text-align-left\" data-align=\"left\">Dr. Juan Miguel Palma Pe\u00f1a, Universidad Nacional Aut\u00f3noma de M\u00e9xico<br><\/td><\/tr><tr><td class=\"has-text-align-left\" data-align=\"left\"><\/td><td class=\"has-text-align-left\" data-align=\"left\"><\/td><td class=\"has-text-align-left\" data-align=\"left\"><\/td><\/tr><tr><td class=\"has-text-align-left\" data-align=\"left\">15.20 &#8211; 15.45<\/td><td class=\"has-text-align-left\" data-align=\"left\"><strong><em>Charla: <\/em><\/strong>Consorcio ORCID-Chile: construyendo una comunidad de buenas pr\u00e1cticas.<\/td><td class=\"has-text-align-left\" data-align=\"left\">Mg. Mar\u00eda Soledad Bravo Marchant, Agencia Nacional de Investigaci\u00f3n y Desarrollo<\/td><\/tr><tr><td class=\"has-text-align-left\" data-align=\"left\"><\/td><td class=\"has-text-align-left\" data-align=\"left\"><\/td><td class=\"has-text-align-left\" data-align=\"left\"><\/td><\/tr><tr><td class=\"has-text-align-left\" data-align=\"left\">&nbsp;15.45 &#8211; 16.15<\/td><td class=\"has-text-align-left\" data-align=\"left\">&nbsp;<strong><em>Caf\u00e9<\/em><\/strong> <\/td><td class=\"has-text-align-left\" data-align=\"left\"><\/td><\/tr><tr><td class=\"has-text-align-left\" data-align=\"left\"><\/td><td class=\"has-text-align-left\" data-align=\"left\"><\/td><td class=\"has-text-align-left\" data-align=\"left\"><\/td><\/tr><tr><td class=\"has-text-align-left\" data-align=\"left\">16.15 &#8211; 16.45<\/td><td class=\"has-text-align-left\" data-align=\"left\"><strong><em>Estado de Situaci\u00f3n Proyecto InES ULagos<\/em><\/strong>: Avances y desaf\u00edos Proyecto Vule &#8211; INCA210018 Universidad de Los Lagos.<\/td><td class=\"has-text-align-left\" data-align=\"left\">Mg. Sergio Arce Molina, Universidad de Los Lagos<\/td><\/tr><tr><td class=\"has-text-align-left\" data-align=\"left\"><\/td><td class=\"has-text-align-left\" data-align=\"left\"><\/td><td class=\"has-text-align-left\" data-align=\"left\"><\/td><\/tr><tr><td class=\"has-text-align-left\" data-align=\"left\">16.45 &#8211; 17.10<\/td><td class=\"has-text-align-left\" data-align=\"left\"><strong><em>Charla: <\/em><\/strong>Democratizaci\u00f3n de la informaci\u00f3n y evoluci\u00f3n de la biblioteca y sus servicios<\/td><td class=\"has-text-align-left\" data-align=\"left\">Mara Reyna<\/td><\/tr><tr><td class=\"has-text-align-left\" data-align=\"left\"><\/td><td class=\"has-text-align-left\" data-align=\"left\"><\/td><td class=\"has-text-align-left\" data-align=\"left\"><\/td><\/tr><tr><td class=\"has-text-align-left\" data-align=\"left\">17.30<\/td><td class=\"has-text-align-left\" data-align=\"left\"><strong><em>Cierre jornada <\/em><\/strong><\/td><td class=\"has-text-align-left\" data-align=\"left\"><\/td><\/tr><\/tbody><\/table><\/figure>\n\n\n\n<p><\/p>\n\n\n\n<h2 class=\"wp-block-heading has-text-align-center\">17 de noviembre <\/h2>\n\n\n\n<h3 class=\"wp-block-heading has-text-align-left\"><a href=\"https:\/\/maps.app.goo.gl\/cyawmHtfMuXniUkt5\">Lugar: Auditorio Edificio San Agust\u00edn, Facultad de Ingenier\u00eda, Universidad Cat\u00f3lica de la Sant\u00edsima Concepci\u00f3n<\/a><\/h3>\n\n\n\n<figure class=\"wp-block-table aligncenter is-style-stripes\"><table class=\"has-fixed-layout\"><thead><tr><th class=\"has-text-align-left\" data-align=\"left\">HORA  <\/th><th class=\"has-text-align-left\" data-align=\"left\">T\u00cdTULO DE LA PRESENTACI\u00d3N<\/th><th class=\"has-text-align-left\" data-align=\"left\">PRESENTADOR\/A<\/th><\/tr><\/thead><tbody><tr><td class=\"has-text-align-left\" data-align=\"left\">09.00 &#8211; 09.10<\/td><td class=\"has-text-align-left\" data-align=\"left\"><\/td><td class=\"has-text-align-left\" data-align=\"left\"><strong><em>Saludo inaugural<\/em><\/strong><\/td><\/tr><tr><td class=\"has-text-align-left\" data-align=\"left\"><\/td><td class=\"has-text-align-left\" data-align=\"left\"><\/td><td class=\"has-text-align-left\" data-align=\"left\"><\/td><\/tr><tr><td class=\"has-text-align-left\" data-align=\"left\">09.10  &#8211; 09.50<\/td><td class=\"has-text-align-left\" data-align=\"left\"><strong><em>Charla magistral: <\/em><\/strong>Vinculaci\u00f3n de la Ciencia Abierta con la academia, caso BUAP.<\/td><td class=\"has-text-align-left\" data-align=\"left\">Mtro. Alfredo Avenda\u00f1o Arenaza, Benem\u00e9rita Universidad Aut\u00f3noma de Puebla <\/td><\/tr><tr><td class=\"has-text-align-left\" data-align=\"left\"><\/td><td class=\"has-text-align-left\" data-align=\"left\"><\/td><td class=\"has-text-align-left\" data-align=\"left\"><\/td><\/tr><tr><td class=\"has-text-align-left\" data-align=\"left\"> 09.50 &#8211; 10.15 <\/td><td class=\"has-text-align-left\" data-align=\"left\"><strong><em>Cierre Proyecto InES UCSC<\/em><\/strong>: Instaurando una Cultura de Ciencia Abierta en la UCSC<\/td><td class=\"has-text-align-left\" data-align=\"left\">Dra. Lorena Gerli Candia, Universidad Cat\u00f3lica de la Sant\u00edsima Concepci\u00f3n<\/td><\/tr><tr><td class=\"has-text-align-left\" data-align=\"left\"><\/td><td class=\"has-text-align-left\" data-align=\"left\"><\/td><td class=\"has-text-align-left\" data-align=\"left\"><\/td><\/tr><tr><td class=\"has-text-align-left\" data-align=\"left\">10.15 &#8211; 11.35<\/td><td class=\"has-text-align-left\" data-align=\"left\"><strong><em>Caf\u00e9<\/em><\/strong><\/td><td class=\"has-text-align-left\" data-align=\"left\"><\/td><\/tr><tr><td class=\"has-text-align-left\" data-align=\"left\"><\/td><td class=\"has-text-align-left\" data-align=\"left\"><\/td><td class=\"has-text-align-left\" data-align=\"left\"><\/td><\/tr><tr><td class=\"has-text-align-left\" data-align=\"left\">10.35 &#8211; 11.00<\/td><td class=\"has-text-align-left\" data-align=\"left\"><strong><em>Charla: <\/em><\/strong>Consorcio ORCID-Chile: construyendo una comunidad de buenas pr\u00e1cticas.<\/td><td class=\"has-text-align-left\" data-align=\"left\">Mg. Mar\u00eda Soledad Bravo Marchant, Agencia Nacional de Investigaci\u00f3n y Desarrollo<\/td><\/tr><tr><td class=\"has-text-align-left\" data-align=\"left\"><\/td><td class=\"has-text-align-left\" data-align=\"left\"><\/td><td class=\"has-text-align-left\" data-align=\"left\"><\/td><\/tr><tr><td class=\"has-text-align-left\" data-align=\"left\">11.00 &#8211; 11.20<br><\/td><td class=\"has-text-align-left\" data-align=\"left\"><strong><em>Charla:<\/em><\/strong> Normalizaci\u00f3n de acervos bibliogr\u00e1ficos para la implementaci\u00f3n de BIBFRAME <\/td><td class=\"has-text-align-left\" data-align=\"left\">Federico Portas Lagar<\/td><\/tr><tr><td class=\"has-text-align-left\" data-align=\"left\"><\/td><td class=\"has-text-align-left\" data-align=\"left\"><\/td><td class=\"has-text-align-left\" data-align=\"left\"><\/td><\/tr><tr><td class=\"has-text-align-left\" data-align=\"left\">11.20 &#8211; 11.50<\/td><td class=\"has-text-align-left\" data-align=\"left\"><strong><em>Charla<\/em><\/strong>: Los Secretos del Universo al alcance de todas y todos: Ciencia Abierta en Astronom\u00eda<\/td><td class=\"has-text-align-left\" data-align=\"left\">Dr. Nicola Astudillo Defru, Universidad Cat\u00f3lica de la Sant\u00edsima Concepci\u00f3n<\/td><\/tr><tr><td class=\"has-text-align-left\" data-align=\"left\"><\/td><td class=\"has-text-align-left\" data-align=\"left\"><\/td><td class=\"has-text-align-left\" data-align=\"left\"><\/td><\/tr><tr><td class=\"has-text-align-left\" data-align=\"left\">11.50 &#8211; 12.10 <\/td><td class=\"has-text-align-left\" data-align=\"left\"><strong><em>Charla: <\/em><\/strong>Herramientas de informaci\u00f3n para soportar el Acceso Abierto<br><\/td><td class=\"has-text-align-left\" data-align=\"left\">Fernanda Gusm\u00e3o <br><\/td><\/tr><tr><td class=\"has-text-align-left\" data-align=\"left\"><\/td><td class=\"has-text-align-left\" data-align=\"left\"><\/td><td class=\"has-text-align-left\" data-align=\"left\"><\/td><\/tr><tr><td class=\"has-text-align-left\" data-align=\"left\">12.10 &#8211; 13.00<\/td><td class=\"has-text-align-left\" data-align=\"left\"><strong><em>Foro Panel<\/em><\/strong>: Infraestructura Tecnol\u00f3gica al servicio de la Ciencia Abierta. <strong><em>Modera:<\/em><\/strong> Mg. Javier Mart\u00ednez Ortiz. <\/td><td class=\"has-text-align-left\" data-align=\"left\">Mg. Paula D\u00edaz Fuentes, UdeC &#8211; Mtra. Ana Cabezas Apablaza, ULagos &#8211; Mauricio Pe\u00f1ailillo Acu\u00f1a, UCSC<\/td><\/tr><tr><td class=\"has-text-align-left\" data-align=\"left\"><\/td><td class=\"has-text-align-left\" data-align=\"left\"><\/td><td class=\"has-text-align-left\" data-align=\"left\"><\/td><\/tr><tr><td class=\"has-text-align-left\" data-align=\"left\">13.00 &#8211; 14.30<\/td><td class=\"has-text-align-left\" data-align=\"left\"><strong><em>Almuerzo <\/em><\/strong><\/td><td class=\"has-text-align-left\" data-align=\"left\"><\/td><\/tr><tr><td class=\"has-text-align-left\" data-align=\"left\"><\/td><td class=\"has-text-align-left\" data-align=\"left\"><\/td><td class=\"has-text-align-left\" data-align=\"left\"><\/td><\/tr><tr><td class=\"has-text-align-left\" data-align=\"left\">14.30 &#8211; 14.55 <\/td><td class=\"has-text-align-left\" data-align=\"left\"><strong><em>Estado de Situaci\u00f3n Proyecto InES ULagos<\/em><\/strong>: Avances y desaf\u00edos Proyecto Vule &#8211; INCA210018 Universidad de Los Lagos.<br><\/td><td class=\"has-text-align-left\" data-align=\"left\">Mg. Sergio Arce Molina, Universidad de Los Lagos<\/td><\/tr><tr><td class=\"has-text-align-left\" data-align=\"left\"><\/td><td class=\"has-text-align-left\" data-align=\"left\"><\/td><td class=\"has-text-align-left\" data-align=\"left\"><\/td><\/tr><tr><td class=\"has-text-align-left\" data-align=\"left\">15.20 &#8211; 15.50 <\/td><td class=\"has-text-align-left\" data-align=\"left\"><strong><em>Charla<\/em><\/strong>: Implementaci\u00f3n de la Ciencia Abierta en la UDD: Problem\u00e1ticas, desaf\u00edos y resultados obtenidos a la fecha.<\/td><td class=\"has-text-align-left\" data-align=\"left\">Daniel Morales Arancibia, Universidad del Desarrollo<\/td><\/tr><tr><td class=\"has-text-align-left\" data-align=\"left\"><\/td><td class=\"has-text-align-left\" data-align=\"left\"><\/td><td class=\"has-text-align-left\" data-align=\"left\"><\/td><\/tr><tr><td class=\"has-text-align-left\" data-align=\"left\">15.50 &#8211; 16.40<\/td><td class=\"has-text-align-left\" data-align=\"left\"><strong><em>Charla<\/em><\/strong> <strong><em>magistral: <\/em><\/strong>Ciencia para todas y todos<\/td><td class=\"has-text-align-left\" data-align=\"left\">Ph.D(c) Teresa Paneque Carre\u00f1o<\/td><\/tr><tr><td class=\"has-text-align-left\" data-align=\"left\"><\/td><td class=\"has-text-align-left\" data-align=\"left\"><\/td><td class=\"has-text-align-left\" data-align=\"left\"><\/td><\/tr><tr><td class=\"has-text-align-left\" data-align=\"left\">16.40 &#8211; 17.05<\/td><td class=\"has-text-align-left\" data-align=\"left\"><strong><em>Charla: <\/em><\/strong>La democratizaci\u00f3n y la reducci\u00f3n de la brecha digital<\/td><td class=\"has-text-align-left\" data-align=\"left\">C\u00e9sar Prado<\/td><\/tr><tr><td class=\"has-text-align-left\" data-align=\"left\"><\/td><td class=\"has-text-align-left\" data-align=\"left\"><\/td><td class=\"has-text-align-left\" data-align=\"left\"><\/td><\/tr><tr><td class=\"has-text-align-left\" data-align=\"left\">17.10 &#8211; 18.00 <\/td><td class=\"has-text-align-left\" data-align=\"left\"><strong><em>Foro Panel<\/em><\/strong>: Produciendo ciencia desde el sur del mundo. Ciencia abierta: herramientas y desaf\u00edos. <strong><em>Modera: <\/em><\/strong>Dra. Lorena Gerli Candia<\/td><td class=\"has-text-align-left\" data-align=\"left\">Dra. Claudia Mu\u00f1oz Sanguinetti, UBB &#8211; Yertty Silva Provoste, UACh<\/td><\/tr><tr><td class=\"has-text-align-left\" data-align=\"left\"><\/td><td class=\"has-text-align-left\" data-align=\"left\"><\/td><td class=\"has-text-align-left\" data-align=\"left\"><\/td><\/tr><tr><td class=\"has-text-align-left\" data-align=\"left\">18.00<\/td><td class=\"has-text-align-left\" data-align=\"left\"> <strong><em>C\u00f3ctel de cierre <\/em><\/strong><\/td><td class=\"has-text-align-left\" data-align=\"left\"><\/td><\/tr><\/tbody><\/table><\/figure>\n\n\n\n<p><\/p>\n","protected":false},"excerpt":{"rendered":"<p>16 de noviembre Lugar: Biblioteca Central Luis David Cruz Ocampo, Universidad de Concepci\u00f3n HORA T\u00cdTULO DE PRESENTACI\u00d3N PRESENTADOR\/A 08.30 &#8211; 09.00 Acreditaci\u00f3n 09.00 \u2013 09.30 Saludo inaugural Autoridades Universitarias 09.30 &#8211; 10.20 Charla magistral: Ciencia Abierta: reflexiones desde la academia y su compromiso \u00e9tico e intelectual. Dr. Francisco Ceric Garrido, Universidad del Desarrollo 10.20 \u2013 &hellip; <\/p>\n","protected":false},"author":3,"featured_media":0,"parent":0,"menu_order":0,"comment_status":"closed","ping_status":"closed","template":"","meta":{"footnotes":""},"_links":{"self":[{"href":"https:\/\/vinculacionbib.udec.cl\/index.php\/wp-json\/wp\/v2\/pages\/34"}],"collection":[{"href":"https:\/\/vinculacionbib.udec.cl\/index.php\/wp-json\/wp\/v2\/pages"}],"about":[{"href":"https:\/\/vinculacionbib.udec.cl\/index.php\/wp-json\/wp\/v2\/types\/page"}],"author":[{"embeddable":true,"href":"https:\/\/vinculacionbib.udec.cl\/index.php\/wp-json\/wp\/v2\/users\/3"}],"replies":[{"embeddable":true,"href":"https:\/\/vinculacionbib.udec.cl\/index.php\/wp-json\/wp\/v2\/comments?post=34"}],"version-history":[{"count":168,"href":"https:\/\/vinculacionbib.udec.cl\/index.php\/wp-json\/wp\/v2\/pages\/34\/revisions"}],"predecessor-version":[{"id":2787,"href":"https:\/\/vinculacionbib.udec.cl\/index.php\/wp-json\/wp\/v2\/pages\/34\/revisions\/2787"}],"wp:attachment":[{"href":"https:\/\/vinculacionbib.udec.cl\/index.php\/wp-json\/wp\/v2\/media?parent=34"}],"curies":[{"name":"wp","href":"https:\/\/api.w.org\/{rel}","templated":true}]}}